culate the remainder when 16 is divided by d.
4
Let z(s) = -s**2 - 2*s + 3. Let u be z(2). What is the remainder when u*(-2 - 6) - 2 is divided by 13?
12
Suppose -4 = -2*i, -i = -2*f - 37 + 131. What is the remainder when f is divided by 10?
8
Let j be (-4 + -1)*112/35. Let b = 29 + j. What is the remainder when 25 is divided by b?
12
Let d(r) = -r**3 - 5*r**2 - 3*r + 5. Let u(q) = -q - 12*q - 158 + 157. Calculate the remainder when u(-3) is divided by d(-5).
18
Let r be (-1)/1*(-2 - -1). Let x(o) = 7*o**2 - 2*o + 2. What is the remainder when 11 is divided by x(r)?
4
Suppose -u - 2*u = 0. Suppose 3*s + 2*s = u. Suppose s = -2*i - 2*v + 42, 4*v + 0*v = 8. Calculate the remainder when 37 is divided by i.
18
Let a(p) = p**2 + 4*p - 2. Let z be a(-4). Let u be (z + 2/(-3))*-3. Suppose u = 2*l - 12. What is the remainder when 28 is divided by l?
8
Let d(k) = -2*k + 63. What is the remainder when 55 is divided by d(24)?
10
Suppose -3*l = -2*c + 19, -6*c + c = -2*l - 20. Let v(o) = 2*o**2 - 4 + 11*o**c + 2*o + 3. Calculate the remainder when 41 is divided by v(1).
13
Let f = -9 + 7. Calculate the remainder when (f/(-4))/(2/116) is divided by 10.
9
Let c = 86 - 24. Calculate the remainder when c is divided by 22.
18
Suppose -2*h + 49 = -15. Let q = -17 + h. Calculate the remainder when 42 is divided by q.
12
Suppose -2*d + 2*i - 70 = -6*d, -4*i = -2*d + 10. What is the remainder when 27 is divided by d?
12
What is the remainder when -1*2 + 6*2 is divided by ((-12)/3)/(-1) + 0?
2
Let a(j) = -7*j - 7. Calculate the remainder when a(-6) is divided by 19.
16
Let w = -5 - -10. Suppose -39 = -4*f - 3*i, 0 = 3*f - w*i - 26 + 4. What is the remainder when 34 is divided by f?
7
Let p = 38 - 31. Suppose 3*v - 16 = -v. Suppose -v*u + 4 = -12. Calculate the remainder when p is divided by u.
3
Suppose 10*z - 396 = z. What is the remainder when z is divided by 15?
14
Suppose 0 = 6*u + 3*u - 1278. What is the remainder when u is divided by 25?
17
Let m = -45 - -72. Let r be (-2)/(27/14 + -2). Suppose 0*p - 2*p + r = 0. Calculate the remainder when m is divided by p.
13
Let i = -6 - -19. Calculate the remainder when 49 is divided by i.
10
Let n be ((-246)/8)/(2/8). Let b = 72 + n. Calculate the remainder when 7 is divided by (-4)/10 - b/15.
1
Calculate the remainder when 33 is divided by 138/15 + 2/(-10).
6
Let o be 0*((-5)/3 - -2). Suppose o = l - 13 + 5. What is the remainder when 16 is divided by 37/4 - 2/l?
7
Suppose b - r - 74 = 0, -5*b + 370 = -0*r + 4*r. What is the remainder when b is divided by 15?
14
Let j(g) = 5*g + 4. Suppose -w + 39 = 4*l, 4*l = -w - 4*w + 51. Suppose 4*t + v = 67, -4*t + 5*v + 81 = 8. What is the remainder when j(l) is divided by t?
15
Let o = -3 - -8. Calculate the remainder when o is divided by 3.
2
Suppose 0*j + j - 3 = 0. Suppose 4*l - j*l = 5. What is the remainder when -1*((-16)/2 + -1) is divided by l?
4
Let y(v) = -v + v**3 - 8*v**2 - 2*v + 2*v + 6*v. Calculate the remainder when y(8) is divided by 14.
12
Let m(q) = q**2 - 2*q - 22. Calculate the remainder when m(9) is divided by ((-2)/(-6))/(3/99).
8
Let m(g) = -3*g + 5. What is the remainder when m(-16) is divided by 8?
5
Let s = -29 - -43. Calculate the remainder when 53 is divided by s.
11
Suppose 5*l - 2*l - 78 = 0. What is the remainder when l is divided by 7?
5
Suppose 1 = 2*c + 5*s - 33, c + s - 20 = 0. What is the remainder when 43 is divided by c?
21
Let t = -20 - -64. What is the remainder when 86 is divided by t?
42
Suppose 3*l + 9 = 0, -2*y = y + 4*l - 18. What is the remainder when 47 is divided by y?
7
Suppose -o = -5*a + 48, -3*a + o + 22 = -3*o. Suppose -4*g + 41 = -31. What is the remainder when g is divided by a?
8
Suppose 0 = -3*w + 12 + 18. What is the remainder when 28 is divided by w?
8
Suppose i = 21 + 31. Let j = i + -27. Suppose j = 5*d - 30. Calculate the remainder when 20 is divided by d.
9
Let i be (4 - 8)*10/(-8). Suppose 0*d - i*d = -200. Calculate the remainder when d is divided by 21.
19
Suppose -4*m - 2*j - 19 = -5, 4*j + 12 = 0. What is the remainder when (-97)/(-2) + (-1)/m is divided by 13?
10
Suppose -g - 2 + 5 = 0. Suppose -z + g*z = 30. Suppose -62 = -4*h + 50. What is the remainder when h is divided by z?
13
Let p(d) = 2*d**2 + 5*d - 4. Let m be 22/(-5) - (-2)/5. Suppose 0*s - 3*s + 63 = 0. Calculate the remainder when s is divided by p(m).
5
Suppose b + 24 = 3*b. What is the remainder when 6 is divided by (-4)/(-6) + 40/b?
2
Suppose 0 = 2*v - 2*o - 28, 3*v - 3*o - 51 = -v. Suppose 0 = 3*k - 2 - 7. Calculate the remainder when v is divided by k.
0
Suppose 0 = 3*w - 4*w + 2. Calculate the remainder when (-2)/(-5) + (-18)/(-5) is divided by w.
0
Let n = 28 + -19. Calculate the remainder when 25 is divided by n.
7
Let k(o) = 4*o**2 - 5*o + 1. Calculate the remainder when k(-3) is divided by 18.
16
Let l = -151 + 254. What is the remainder when l is divided by 26?
25
Suppose 450 = 5*l + 5*i, -361 = -4*l - 6*i + i. Calculate the remainder when l is divided by 23.
20
Suppose 4*i - 85 = -3*z, -21 + 1 = -5*i. What is the remainder when 64 is divided by z?
18
Let g = 31 + 7. Calculate the remainder when g is divided by 20.
18
Calculate the remainder when 21 is divided by (-324)/(-42) + (-2)/(-7).
5
Suppose 5*u - 10 = 15, -3*u = c - 21. Suppose t - 3 - c = 0. Calculate the remainder when 15 - -2 - (2 - 1) is divided by t.
7
Let y(q) = -6*q**2 + 4 - 3*q + q**3 - 3*q - q. Suppose 3*t - 16 = 14. Calculate the remainder when t is divided by y(7).
2
What is the remainder when 4 is divided by 20/15 - (-2)/(-6)?
0
Suppose 0 = -k - 3*k + 196. What is the remainder when k is divided by (68/6)/(4/6)?
15
Suppose -89 = -3*m - 47. What is the remainder when 55 is divided by m?
13
Let x = -19 + 28. What is the remainder when x is divided by 6?
3
Let d(y) = -24*y - 6. Let b be d(-4). Suppose a + 2*x = 18, a - x = -3*a + b. Let m = 31 + -23. What is the remainder when a is divided by m?
6
Suppose 128 = 3*q - 2*p + 32, 0 = -2*q - 4*p + 64. What is the remainder when 60 is divided by q?
28
Suppose 0*z + z = 36. Calculate the remainder when z is divided by 13.
10
Suppose p + 368 = 5*r, -2*r + 5*p + 138 = -0*p. Suppose 7*g + 43 = 2*h + 4*g, 4*h - 2*g = r. What is the remainder when h is divided by 9?
8
Let j(n) = -n**3 + 9*n**2 - 6*n - 10. Let p be j(8). Suppose h = -z + 34, -3*h - 6 - p = 0. Calculate the remainder when z is divided by 10.
8
Let x = 7 + -5. Suppose x*o - 3*r = 7 + 11, -3*r = -3*o + 21. Suppose -4*w = -o*b + 35, -11 = -0*b - b + 2*w. Calculate the remainder when b is divided by 7.
6
Suppose 4*w = 6 + 2. Suppose -6*p = -w*p - 64. What is the remainder when 47 is divided by p?
15
Let p(x) = 2*x + 6. Let i(a) = -a - 3. Let r(w) = -14*i(w) - 6*p(w). Calculate the remainder when 7 is divided by r(0).
1
Let k be -2*(-25)/4*2. Suppose 0 = -l + 6*l - 20. What is the remainder when 10 is divided by (-1)/l - k/(-4)?
4
Suppose 0 = -b - 2*p + 23, -b + 4*p + 29 = -0*b. Calculate the remainder when b is divided by (2/(-6))/(((-10)/(-78))/(-5)).
12
Suppose -9 = g - y - 36, 2*g - 5*y = 42. What is the remainder when g is divided by 9?
4
Suppose -c + 2 = -9. What is the remainder when 42 is divided by c?
9
Suppose 3*w + 2*w - 165 = 0. Let c = w + -17. Let q(h) = h**2 + 5*h - 35. Calculate the remainder when q(-11) is divided by c.
15
Suppose 32*m - 28*m = 124. Calculate the remainder when 40 is divided by m.
9
Let w = -30 + 54. Calculate the remainder when w is divided by 10.
4
Suppose 8 = 3*o + n - 6*n, 3*o - 3*n = 18. What is the remainder when (-16)/6*(-16 + 4) is divided by o?
10
Let b = -139 - -87. Let z = b + 81. Suppose -4*i = 3*m - 46, -32 = -3*i + 2*m - 3*m. Calculate the remainder when z is divided by i.
9
Let h(n) = n**3 - n**2 + 3*n - 4. What is the remainder when h(3) is divided by 5?
3
Suppose -4*p = 5*t - 37, 3*t = -0*p - p + 18. Suppose 1 = b + 4*b - q, 15 = -5*b + t*q. What is the remainder when 2 is divided by b?
0
Suppose d + 2*b - 15 = 10, -b - 92 = -5*d. Let k(n) = -6*n - 16. What is the remainder when k(-12) is divided by d?
18
Let z = 10 - 8. Suppose -z*b - 3 = 5*x - 2*x, 5*x + 13 = -2*b. Calculate the remainder when 17 is divided by b.
5
Suppose 0 = 2*c - 2 + 10. Let r = -54 - -88. Calculate the remainder when r is divided by (-46)/c - (-